s -2545104 - 4?
-2545111
In base 6, what is -111 + 341?
230
In base 7, what is 16 - -31432?
31451
In base 10, what is 33 - 1748?
-1715
In base 8, what is -162453 - -2?
-162451
In base 11, what is 2 - 118611?
-11860a
In base 12, what is -78 - 1160?
-1218
In base 4, what is 12111 + 12311?
31022
In base 2, what is -11010 + 1001010001010111?
1001010000111101
In base 10, what is 1204 - -17?
1221
In base 4, what is 2010022 - -1030?
2011112
In base 13, what is -c7 - -9aa?
8b3
In base 3, what is 11200101021 + 1200?
11200102221
In base 15, what is ad7e + -4?
ad7a
In base 6, what is 431304 + 3?
431311
In base 3, what is -12220 - -110012?
20022
In base 10, what is -30196 - 1?
-30197
In base 8, what is -4606 + 63?
-4523
In base 14, what is -4d58 - 6?
-4d60
In base 3, what is -101 - 210101100?
-210101201
In base 13, what is 4b5 + 21?
506
In base 2, what is 100 - 100001000010000?
-100001000001100
In base 7, what is 4436 + 41?
4510
In base 16, what is 47b2 - -5?
47b7
In base 13, what is 32 + 21c?
251
In base 5, what is 1110331 - -43?
1110424
In base 16, what is -13 + -be93?
-bea6
In base 15, what is -91a + -2c?
-947
In base 10, what is 67728 - -18?
67746
In base 15, what is 3 + -2?
1
In base 8, what is -1125516 + 6?
-1125510
In base 15, what is 0 + -4a51?
-4a51
In base 9, what is 8776 + 8?
8785
In base 8, what is 434 + 1054?
1510
In base 15, what is -1 + 6ecc?
6ecb
In base 10, what is 2 + -22469?
-22467
In base 10, what is -439635 - 2?
-439637
In base 3, what is -2101021 + -110100?
-2211121
In base 10, what is -49 + -3435?
-3484
In base 3, what is 2211001221 - -10?
2211002001
In base 8, what is 126 - -201?
327
In base 9, what is -3 + -45852?
-45855
In base 14, what is -7318 - -31?
-72c7
In base 7, what is 3341 - -5114?
11455
In base 8, what is -16202 + 20?
-16162
In base 5, what is -2 + -242304?
-242311
In base 8, what is -3 - 120151?
-120154
In base 14, what is 1563 - 1?
1562
In base 5, what is 1423 - -10023?
12001
In base 16, what is 0 + -2827?
-2827
In base 14, what is -11b49d7 + 2?
-11b49d5
In base 7, what is -3132 + 31?
-3101
In base 6, what is 133120 - -3?
133123
In base 13, what is 729144 + -1?
729143
In base 14, what is 1 + 45d1?
45d2
In base 10, what is 37 + 30879?
30916
In base 14, what is -14b6 + 32d?
-1187
In base 12, what is -424 - -2546?
2122
In base 14, what is -30 - 90?
-c0
In base 2, what is 11 - -1011000101110100?
1011000101110111
In base 2, what is -10000011111 + 1000010?
-1111011101
In base 8, what is 5 + 130715?
130722
In base 2, what is 1110100111011000 - 101010?
1110100110101110
In base 11, what is -2856229 + 1?
-2856228
In base 11, what is -424 - -1850?
1427
In base 8, what is 0 - 163403?
-163403
In base 4, what is -302030 + -2?
-302032
In base 3, what is -21221101022 - -2?
-21221101020
In base 5, what is 24000 - 212?
23233
In base 6, what is 10511 + -15?
10452
In base 15, what is -262 + -19?
-27b
In base 9, what is -3437 + 25?
-3412
In base 10, what is 10429 - -17?
10446
In base 10, what is -11806 + -42?
-11848
In base 8, what is 56 + -32110?
-32032
In base 8, what is -21 + -14377?
-14420
In base 13, what is -16 - 2bc?
-305
In base 11, what is 0 + 8263?
8263
In base 14, what is -280d + 28?
-27c5
In base 9, what is 1106054 - -3?
1106057
In base 12, what is -99a3 + 13?
-9990
In base 5, what is -443431 + 2131?
-441300
In base 11, what is 574 + 4564?
5028
In base 7, what is 2341 + -116?
2222
In base 10, what is 12690 + 2?
12692
In base 9, what is -206878 - -32?
-206846
In base 4, what is -103 - 123221?
-123330
In base 14, what is -4 - -a9589?
a9585
In base 15, what is 24225 + -21?
24204
In base 7, what is -120 - 34405?
-34525
In base 14, what is -4 + -b267d?
-b2683
In base 2, what is 101010111100111 - -101?
101010111101100
In base 15, what is -17494 + 2b?
-17468
In base 6, what is -12131 + 2243?
-5444
In base 16, what is 19 - -22f?
248
In base 7, what is -20515 - -15?
-20500
In base 8, what is 635316 - -3?
635321
In base 2, what is 100100001010110 - -10?
100100001011000
In base 4, what is -121300 + 11?
-121223
In base 10, what is -30 + -14498?
-14528
In base 2, what is 100011101101011110 - -11?
100011101101100001
In base 6, what is 4 + 125224?
125232
In base 9, what is -11 + 2750?
2738
In base 3, what is -121210202 + -12?
-121210221
In base 9, what is 47 + -35567?
-35520
In base 8, what is -64551 - 6?
-64557
In base 8, what is 0 - -15127?
15127
In base 5, what is 31211404 - -1?
31211410
In base 15, what is -52 + 21?
-31
In base 11, what is 4981 - 3?
4979
In base 4, what is -1300113112 + 12?
-1300113100
In base 13, what is -17 + -2b4?
-2cb
In base 16, what is 41 - 2d2?
-291
In base 13, what is -26 + -18026?
-1804c
In base 11, what is 3 + 217a?
2182
In base 6, what is -1030 - 22?
-1052
In base 5, what is 123 - 30433?
-30310
In base 9, what is 788213 - -2?
788215
In base 16, what is -5c4d + -2?
-5c4f
In base 10, what is 163 - -13372?
13535
In base 8, what is -310437 - -12?
-310425
In base 6, what is 4424 + 3?
4431
In base 11, what is 19 + -2471?
-2453
In base 11, what is -1878 - -1157?
-721
In base 4, what is -103103 + 130?
-102313
In base 9, what is -3 + 3577?
3574
In base 2, what is 10000101110111001 + -1100?
10000101110101101
In base 7, what is -20 + -12042?
-12062
In base 11, what is -3a41 - 27?
-3a68
In base 13, what is -3 - a7730?
-a7733
In base 3, what is 20220 + 1021?
22011
In base 10, what is 5 - 85850?
-85845
In base 10, what is -476 + -123?
-599
In base 14, what is 0 - b2a?
-b2a
In base 8, what is -10613 - -2?
-10611
In base 5, what is -1 + -2222422?
-2222423
In base 9, what is -43211 - 4?
-43215
In base 11, what is -174 + 54?
-120
In base 6, what is -50 + 1405?
1315
In base 2, what is 100111011110111100101 + -10?
100111011110111100011
In base 9, what is -478027 - 0?
-478027
In base 7, what is 5 + 44064?
44102
In base 9, what is -23 + 3431?
3407
In base 3, what is -210220222 - -12?
-210220210
In base 5, what is 10 + 344224?
344234
In base 15, what is -1b6117 - -2?
-1b6115
In base 6, what is 1005 - 253?
312
In base 3, what is 10022100100 + 0?
10022100100
In base 3, what is 21111210112 + 11?
21111210200
In base 3, what is 12 - -2100010?
2100022
In base 2, what is 11 - 1001000111110011?
-1001000111110000
In base 16, what is 3e + 52a?
568
In base 12, what is 75 - 11b2?
-1139
In base 9, what is -243 + -4205?
-4448
In base 2, what is -1000 + -110111011001000101?
-110111011001001101
In base 10, what is 3 + -726296?
-726293
In base 16, what is -3 - -13ae9e?
13ae9b
In base 9, what is 2471 + -12?
2458
In base 8, what is 201 + 310?
511
In base 16, what is -678 - -7?
-671
In base 11, what is -68 + -207?
-274
In base 16, what is -2 + -76f6?
-76f8
In base 2, what is -1000010000101010110011 - 1?
-1000010000101010110100
In base 9, what is 6 - -116?
123
In base 5, what is 2140 + 340442?
343132
In base 6, what is 20541354 - 2?
20541352
In base 11, what is -19306 + -2?
-19308
In base 14, what is c4 - -70?
154
In base 9, what is -2108 + -5?
-2114
In base 15, what is -eb - -2104?
2008
In base 13, what is -1 - 1b5a5?
-1b5a6
In base 6, what is 3 + -115241?
-115234
In base 14, what is 191954 - -5?
191959
In base 4, what is 11220100 - 11?
11220023
In base 13, what is 17 - 3144a?
-31433
In base 14, what is 8 - -21d3?
21db
In base 13, what is -159a7 - -5?
-159a2
In base 3, what is -10 + 20221120?
20221110
In base 7, what is -2 + 350112?
350110
In base 12, what is 198b96 + -3?
198b93
In base 9, what is -5774 - -10?
-5764
In base 2, what is -1000 + 101010010000001?
101010001111001
In base 9, what is 17173 - 8?
17164
In base 7, what is 25642 - 3?
25636
In base 2, what is 1101000 - 10001110100?
-10000001100
In base 13, what is 5 - 1a9bc?
-1a9b7
In base 9, what is 104472 - -42?
104524
In base 2, what is -100000101101100 - 10?
-100000101101110
In base 2, what is -1010111011 - 1101111?
-1100101010
In base 13, what is -162869 + 6?
-162863
In base 9, what is -17676 + -3?
-17680
In base 7, what is 13 + -1613063?
-1613050
In base 7, what is -1414 - 33?
-1450
In base 4, what is 203 - -10020023?
10020232
In base 8, what is -46746 + 20?
-46726
In base 11, what is 70733 - 0?
70733
In base 13, what is 61016b + -3?
610168
In base 16, what is 3 + -6c57?
-6c54
In base 3, what is 2111222102 - -1000?
2112000102
In base 13, what is -316 - 5a4?
-8ba
In base 10, what is -117